{"version":"1.0","provider_name":"Organisator","provider_url":"https:\/\/www.organisator.ch\/de","title":"Brexit: \"Keine kurzfristigen Massnahmen\"","type":"rich","width":600,"height":338,"html":"<blockquote class=\"wp-embedded-content\" data-secret=\"n7d551OHTZ\"><a href=\"https:\/\/www.organisator.ch\/de\/allgemein\/2016-09-23\/brexit-keine-kurzfristigen-massnahmen\/\">Brexit: &#8222;Keine kurzfristigen Massnahmen&#8220;<\/a><\/blockquote><iframe sandbox=\"allow-scripts\" security=\"restricted\" src=\"https:\/\/www.organisator.ch\/de\/allgemein\/2016-09-23\/brexit-keine-kurzfristigen-massnahmen\/embed\/#?secret=n7d551OHTZ\" width=\"600\" height=\"338\" title=\"&#8222;Brexit: &#8222;Keine kurzfristigen Massnahmen&#8220;&#8220; &#8211; Organisator\" data-secret=\"n7d551OHTZ\" frameborder=\"0\" marginwidth=\"0\" marginheight=\"0\" scrolling=\"no\" class=\"wp-embedded-content\"><\/iframe><script>\n\/*! This file is auto-generated *\/\n!function(d,l){\"use strict\";l.querySelector&&d.addEventListener&&\"undefined\"!=typeof URL&&(d.wp=d.wp||{},d.wp.receiveEmbedMessage||(d.wp.receiveEmbedMessage=function(e){var t=e.data;if((t||t.secret||t.message||t.value)&&!\/[^a-zA-Z0-9]\/.test(t.secret)){for(var s,r,n,a=l.querySelectorAll('iframe[data-secret=\"'+t.secret+'\"]'),o=l.querySelectorAll('blockquote[data-secret=\"'+t.secret+'\"]'),c=new RegExp(\"^https?:$\",\"i\"),i=0;i<o.length;i++)o[i].style.display=\"none\";for(i=0;i<a.length;i++)s=a[i],e.source===s.contentWindow&&(s.removeAttribute(\"style\"),\"height\"===t.message?(1e3<(r=parseInt(t.value,10))?r=1e3:~~r<200&&(r=200),s.height=r):\"link\"===t.message&&(r=new URL(s.getAttribute(\"src\")),n=new URL(t.value),c.test(n.protocol))&&n.host===r.host&&l.activeElement===s&&(d.top.location.href=t.value))}},d.addEventListener(\"message\",d.wp.receiveEmbedMessage,!1),l.addEventListener(\"DOMContentLoaded\",function(){for(var e,t,s=l.querySelectorAll(\"iframe.wp-embedded-content\"),r=0;r<s.length;r++)(t=(e=s[r]).getAttribute(\"data-secret\"))||(t=Math.random().toString(36).substring(2,12),e.src+=\"#?secret=\"+t,e.setAttribute(\"data-secret\",t)),e.contentWindow.postMessage({message:\"ready\",secret:t},\"*\")},!1)))}(window,document);\n\/\/# sourceURL=https:\/\/www.organisator.ch\/wp-includes\/js\/wp-embed.min.js\n<\/script>\n","thumbnail_url":"https:\/\/www.organisator.ch\/wp-content\/uploads\/2016\/12\/Brexit-22Keine-kurzfristigen-Massnahmen22-organisator.jpg","thumbnail_width":480,"thumbnail_height":640,"description":"Offene und flexible Arbeitsm\u00e4rkte sind das Herz einer Volkswirtschaft. Andererseits st\u00f6sst die unbeschr\u00e4nkte Zuwanderung auf politischen Widerstand. Der BREXIT hat diese Ausgangslage nicht entsch\u00e4rft. Vor diesem Hintergrund wird am Europa Forum Luzern vom 14. November, dem Gipfeltreffen von Wirtschaft, Wissenschaft und Politik \u00fcber die Zukunft der Schweiz in Europa diskutiert. Im Vorfeld unterhielten wir uns mit Andr\u00e9 Frei, Co-CEO der Partners Group."}

Offene und flexible Arbeitsmärkte sind das Herz einer Volkswirtschaft. Andererseits stösst die unbeschränkte Zuwanderung auf politischen Widerstand. Der BREXIT hat diese Ausgangslage nicht entschärft. Vor diesem Hintergrund wird am Europa Forum Luzern vom 14. November, dem Gipfeltreffen von Wirtschaft, Wissenschaft und Politik über die Zukunft der Schweiz in Europa diskutiert. Im Vorfeld unterhielten wir uns mit André Frei, Co-CEO der Partners Group.
