{"version":"1.0","provider_name":"Organizzatore","provider_url":"https:\/\/www.organisator.ch\/it","title":"F\u00f6rdermittel f\u00fcr die Fachkr\u00e4fteinitiative","type":"rich","width":600,"height":338,"html":"<blockquote class=\"wp-embedded-content\" data-secret=\"WdywaG6V3C\"><a href=\"https:\/\/www.organisator.ch\/it\/allgemein\/2016-09-13\/foerdermittel-fuer-die-fachkraefteinitiative\/\">Finanziamento dell'iniziativa per i lavoratori qualificati<\/a><\/blockquote><iframe sandbox=\"allow-scripts\" security=\"restricted\" src=\"https:\/\/www.organisator.ch\/it\/allgemein\/2016-09-13\/foerdermittel-fuer-die-fachkraefteinitiative\/embed\/#?secret=WdywaG6V3C\" width=\"600\" height=\"338\" title=\"&#8220;F\u00f6rdermittel f\u00fcr die Fachkr\u00e4fteinitiative&#8221; &#8212; Organisator\" data-secret=\"WdywaG6V3C\" frameborder=\"0\" marginwidth=\"0\" marginheight=\"0\" scrolling=\"no\" class=\"wp-embedded-content\"><\/iframe><script>\n\/*! This file is auto-generated *\/\n!function(d,l){\"use strict\";l.querySelector&&d.addEventListener&&\"undefined\"!=typeof URL&&(d.wp=d.wp||{},d.wp.receiveEmbedMessage||(d.wp.receiveEmbedMessage=function(e){var t=e.data;if((t||t.secret||t.message||t.value)&&!\/[^a-zA-Z0-9]\/.test(t.secret)){for(var s,r,n,a=l.querySelectorAll('iframe[data-secret=\"'+t.secret+'\"]'),o=l.querySelectorAll('blockquote[data-secret=\"'+t.secret+'\"]'),c=new RegExp(\"^https?:$\",\"i\"),i=0;i<o.length;i++)o[i].style.display=\"none\";for(i=0;i<a.length;i++)s=a[i],e.source===s.contentWindow&&(s.removeAttribute(\"style\"),\"height\"===t.message?(1e3<(r=parseInt(t.value,10))?r=1e3:~~r<200&&(r=200),s.height=r):\"link\"===t.message&&(r=new URL(s.getAttribute(\"src\")),n=new URL(t.value),c.test(n.protocol))&&n.host===r.host&&l.activeElement===s&&(d.top.location.href=t.value))}},d.addEventListener(\"message\",d.wp.receiveEmbedMessage,!1),l.addEventListener(\"DOMContentLoaded\",function(){for(var e,t,s=l.querySelectorAll(\"iframe.wp-embedded-content\"),r=0;r<s.length;r++)(t=(e=s[r]).getAttribute(\"data-secret\"))||(t=Math.random().toString(36).substring(2,12),e.src+=\"#?secret=\"+t,e.setAttribute(\"data-secret\",t)),e.contentWindow.postMessage({message:\"ready\",secret:t},\"*\")},!1)))}(window,document);\n\/\/# sourceURL=https:\/\/www.organisator.ch\/wp-includes\/js\/wp-embed.min.js\n<\/script>","thumbnail_url":"https:\/\/www.organisator.ch\/wp-content\/uploads\/2016\/12\/Foerdermittel-fuer-die-Fachkraefteinitiative.jpg","thumbnail_width":600,"thumbnail_height":398,"description":"Der Bund f\u00f6rdert neu finanziell Projekte, die einen Beitrag zur Erh\u00f6hung des inl\u00e4ndischen Fachkr\u00e4ftepotenzials leisten. Die F\u00f6rdermittel belaufen sich auf j\u00e4hrlich 400.000 Franken und sind bis Ende 2018 befristet. Das Geld stammt aus dem Budget der Fachkr\u00e4fteinitiative (FKI)."}

Fördermittel für die Fachkräfteinitiative

<blockquote class="wp-embedded-content" data-secret="WdywaG6V3C"><a href="https://www.organisator.ch/it/allgemein/2016-09-13/foerdermittel-fuer-die-fachkraefteinitiative/">Finanziamento dell'iniziativa per i lavoratori qualificati</a></blockquote><iframe sandbox="allow-scripts" security="restricted" src="https://www.organisator.ch/it/allgemein/2016-09-13/foerdermittel-fuer-die-fachkraefteinitiative/embed/#?secret=WdywaG6V3C" width="600" height="338" title="&#8220;Fördermittel für die Fachkräfteinitiative&#8221; &#8212; Organisator" data-secret="WdywaG6V3C" frameborder="0" marginwidth="0" marginheight="0" scrolling="no" class="wp-embedded-content"></iframe><script>
/*! This file is auto-generated */
!function(d,l){"use strict";l.querySelector&&d.addEventListener&&"undefined"!=typeof URL&&(d.wp=d.wp||{},d.wp.receiveEmbedMessage||(d.wp.receiveEmbedMessage=function(e){var t=e.data;if((t||t.secret||t.message||t.value)&&!/[^a-zA-Z0-9]/.test(t.secret)){for(var s,r,n,a=l.querySelectorAll('iframe[data-secret="'+t.secret+'"]'),o=l.querySelectorAll('blockquote[data-secret="'+t.secret+'"]'),c=new RegExp("^https?:$","i"),i=0;i<o.length;i++)o[i].style.display="none";for(i=0;i<a.length;i++)s=a[i],e.source===s.contentWindow&&(s.removeAttribute("style"),"height"===t.message?(1e3<(r=parseInt(t.value,10))?r=1e3:~~r<200&&(r=200),s.height=r):"link"===t.message&&(r=new URL(s.getAttribute("src")),n=new URL(t.value),c.test(n.protocol))&&n.host===r.host&&l.activeElement===s&&(d.top.location.href=t.value))}},d.addEventListener("message",d.wp.receiveEmbedMessage,!1),l.addEventListener("DOMContentLoaded",function(){for(var e,t,s=l.querySelectorAll("iframe.wp-embedded-content"),r=0;r<s.length;r++)(t=(e=s[r]).getAttribute("data-secret"))||(t=Math.random().toString(36).substring(2,12),e.src+="#?secret="+t,e.setAttribute("data-secret",t)),e.contentWindow.postMessage({message:"ready",secret:t},"*")},!1)))}(window,document);
//# sourceURL=https://www.organisator.ch/wp-includes/js/wp-embed.min.js
</script>

Der Bund fördert neu finanziell Projekte, die einen Beitrag zur Erhöhung des inländischen Fachkräftepotenzials leisten. Die Fördermittel belaufen sich auf jährlich 400.000 Franken und sind bis Ende 2018 befristet. Das Geld stammt aus dem Budget der Fachkräfteinitiative (FKI).
